nds digit of f?
5
Suppose -8811 + 814 = 11*p. Let j = 1621 + p. What is the hundreds digit of j?
8
Let y be (1/(-2))/(8/110464*8). Let t = -545 - y. What is the tens digit of t?
1
Suppose 0 = -15*i + 12*i + 162. Let v be ((-12)/36)/(3/i). What is the tens digit of (-1942)/(-9) + v/(-27)?
1
Let s(v) = v + 48. Suppose -4*y = -4*f - 36 - 0, 2*y + 5*f + 17 = 0. Suppose 5*b = 5*z - 70, -3*z = -y*b - 0*z - 57. What is the units digit of s(b)?
3
Let j be (3 + -1)*-266 + 0. Let b = j - -945. What is the units digit of b?
3
Suppose 133596 = 9*q - 0*q - 3*q. What is the tens digit of q?
6
Let q be 2 + 21/(-15) - 44/(-10). Let o(l) = l**3 - 5*l**2 + 5*l - 5. What is the units digit of o(q)?
0
Let o(a) = -7396*a**3 - 3*a - 3. What is the tens digit of o(-1)?
9
Suppose -659628 = -279*a + 28*a. What is the tens digit of a?
2
Suppose 0 = 9*k - 6*k - 2*h + 3, 2*k + 2 = 5*h. Let q(z) = -5*z - 1. Let c be q(k). Suppose -c*l + 455 = -9. What is the tens digit of l?
1
What is the hundreds digit of (-4)/9 - ((-27257)/(-485))/((-9)/55)?
3
Let x(j) = -359*j + 1030. What is the thousands digit of x(-15)?
6
Let u(b) = b**3 + 34*b**2 - 5*b + 8. Let c = 60 + -94. What is the units digit of u(c)?
8
Suppose -2*y - 9 - 3 = -2*v, -2*v + y + 15 = 0. Suppose -s + v*i - 6*i + 114 = 0, -5*s = -2*i - 596. What is the units digit of s?
0
Let b be (-19*1 - 1)/((-122)/6405). Let d = 1709 - b. What is the units digit of d?
9
Suppose -5*c + c = -h + 10, -4*h + 5*c = -29. Let x be 7/(-14) + h/4 + 2. Let v(t) = 16*t + 3. What is the tens digit of v(x)?
5
Let s(n) = n**3 + 28*n**2 - 51*n - 70. What is the thousands digit of s(-22)?
3
Let r be (1595/33)/(2/6). Let g = -55 + r. What is the tens digit of 6/4*5/(g/336)?
2
Let n be ((-149)/2)/((-4)/(-8)). Let m = 442 + n. Let f = -208 + m. What is the tens digit of f?
8
Let v(o) = -752*o - 1285. What is the thousands digit of v(-17)?
1
Let s be (6372/(-30))/((156/40)/(-13)). Let r = 419 + s. What is the tens digit of r?
2
Suppose 4*k + 2*i - 4 = 0, -4*k + 0*k + 14 = -3*i. Suppose 331 + 317 = k*m. What is the tens digit of m?
2
Let o(d) = -2*d**3 - 4*d**2 + 70*d - 1. What is the hundreds digit of o(-18)?
1
Let y(i) be the third derivative of -i**6/120 + 13*i**5/60 - i**4/24 + 3*i**3/2 + 13*i**2. Let a be y(13). What is the tens digit of ((-6)/a)/((-2)/(-84))?
6
Suppose 2*o = -3*m - 580, 5*m + 4*o + 416 + 548 = 0. Let g = m + 91. What is the units digit of (g/(-25) - 5)*(1 - 86)?
8
Let j be 360/54 + 2/(-3). Suppose -5*c - 4 = j. What is the tens digit of ((-5)/(40/(-54)))/(c/(-24))?
8
Let j be 0*1/((-12)/(-6)). Suppose j = -d - t + 246 + 81, 5*d = -t + 1619. What is the tens digit of d?
2
Suppose 5*u + 16 = 41. Suppose -j - u*z = 9, 4*j - z = -2*z + 59. Let d = j + 26. What is the tens digit of d?
4
Let g(l) = -17*l. Let u be g(0). Suppose -4*f = 5*q - u*q - 961, -1226 = -5*f + 2*q. What is the tens digit of f?
4
Suppose -7*k + 1512 = 14*k. What is the units digit of k - -4 - (-4)/2?
8
Suppose 3*q + 4*u - 2*u - 36 = 0, 0 = 5*q + 5*u - 60. Let f be 6/q*3/(3/122). Let l = 16 + f. What is the units digit of l?
7
Let y(r) = 2*r**2 + 56*r + 113. Let b = -40 + 11. What is the units digit of y(b)?
1
Let r be (-6)/(-10) + (-62)/(-5). Suppose 15*s = r*s + 452. Suppose -3*h = -s - 149. What is the hundreds digit of h?
1
Suppose -4*k - 3*y + 181 + 659 = 0, 1050 = 5*k + y. Suppose 0 = -5*i - 2*i + k. What is the units digit of i?
0
Suppose -2*z = 2, -5*j - 3*z = -5*z - 89162. What is the ten thousands digit of j?
1
Suppose 373 = -4*m - 967. Let g be 3 + 0 + 1 - 137/1. Let x = g - m. What is the tens digit of x?
0
Let p(n) = 4*n + 24. Let y be p(-5). What is the tens digit of ((-684)/(-24))/(2/y)?
5
Let r(s) = -174*s + 1261. What is the tens digit of r(-10)?
0
What is the hundreds digit of (-2)/((-44)/748187) + 1/2?
0
Let u = -3031 + -1095. What is the tens digit of u/(-22) + (-42)/77?
8
Let q = 161 - 159. Suppose -7*r + q*r = a - 305, r - 1525 = -5*a. What is the units digit of a?
5
Suppose 0 = -147*m - 11*m - 6926 + 26518. What is the hundreds digit of m?
1
Let q(o) = o**2 + 4*o - 20. Let l be 2/3*(-111)/(-2). Let x = 47 - l. What is the hundreds digit of q(x)?
1
Suppose -4*t - 12502 = -2*t. Suppose -2*q + 84 = -p, -5*p + q = -10*p - 376. What is the units digit of 6/8 + t/p?
3
Let u(g) = g**3 + 22*g**2 - 22*g + 29. Let h be u(-23). Suppose 0 = 4*d + 8, 0 = h*v - 7*v + 2*d + 57. What is the units digit of v?
3
Let a(g) = 6*g**3 + 6*g**2 - 14*g + 13. Let z be a(5). Let t = z + -394. What is the hundreds digit of t?
4
Let t(s) = -9*s + 28. Suppose -13 = -3*o + 14. Let r be t(o). Let f = r - -162. What is the hundreds digit of f?
1
Suppose 93*d - 8*d = 5199705. What is the thousands digit of d?
1
Let c(u) = 9205*u - 4872. What is the units digit of c(8)?
8
Let j be (17/(-2))/(-12 - (-150)/12). Let z(q) = -32*q - 77. What is the units digit of z(j)?
7
Suppose 0 = -21*o - 36*o + 1905441 - 724629. What is the hundreds digit of o?
7
Let w be (-1)/(-3) + 1*49/(-3). Let q be w/((-10)/(-35) - 30/56). Suppose -60*c - 496 = -q*c. What is the tens digit of c?
2
Suppose 3*n + 5*b + 23 = 7*n, -3*n - 6 = 4*b. Let t be 5/(-10)*-724 - n. Suppose 16*h - 24*h = -t. What is the tens digit of h?
4
Suppose 5*i = 2*i + w + 4769, -i = -3*w - 1603. Let u = 2972 - i. Suppose 3*n + u = 11*n. What is the tens digit of n?
7
Suppose 2*r + 268 = r. Suppose -2*j = 3*m + 890 - 107, 2*j = m - 763. Let q = r - j. What is the tens digit of q?
1
Suppose -3*r = -r + 3*c - 3, r - 2*c = 5. Suppose 2*f = -4*f - 18. What is the units digit of 5/(-2 + f) + r?
2
Let b = 160 - 84. Suppose -m = 3*m - b. What is the tens digit of (m/3)/(1/18*2)?
5
Let j(a) = -93*a + 89. Let x(n) = -94*n + 87. Let v(p) = -4*j(p) + 3*x(p). What is the units digit of v(5)?
5
Let x(i) = -10733*i - 314. What is the thousands digit of x(-2)?
1
Suppose -899 - 631 = 10*n. Let t = -3 - n. What is the tens digit of t?
5
Let t(z) be the first derivative of -z**4/12 - 7*z**3/3 + 6*z**2 + 15*z - 11. Let s(q) be the first derivative of t(q). What is the units digit of s(-7)?
1
Suppose 14 = 5*f - 6. Suppose -t + 341 = 3*a - 0*t, -f*a = -5*t - 423. What is the hundreds digit of a + -10 - (3 + -1)?
1
Suppose 4*b = 20, -3*b - 40 = s - 4*b. Let n = s - -40. Suppose -n*i = -4*i - 175. What is the tens digit of i?
7
Suppose 5*n - 2*n + 3*y = -6, 4*n = -y + 4. Let b be -33 + (4 - n) - 2. What is the units digit of (-1 + (-23)/3)/(22/b)?
3
Let j = -116 + 125. Let i be 3/j*3 - -946. Suppose 9*r - i = 178. What is the hundreds digit of r?
1
Suppose 57*k + 176 = 68*k. Suppose -u + k*f = 17*f - 25, -4*u + f = -120. What is the units digit of u?
9
Let a(d) = -9 - 16 - 20*d + 7*d + 37. What is the hundreds digit of a(-12)?
1
Let k be (-2)/(-5) - (6 + 768/(-80)). Suppose k*a = f - 244, -5 = -2*a - 13. What is the hundreds digit of f?
2
Let f = -621 - -330. Let h = f + 520. What is the tens digit of h?
2
Suppose 4*g + g + 5*p = 60, 3*g + 4*p = 33. Suppose 19*y = g*y + 32. Suppose -86 = y*o - 9*o. What is the tens digit of o?
8
Let i(l) = 29*l - 34. Let w(d) = -d**2 + 11*d + 28. Let v be w(13). Suppose -2*z = -3*g + 34, -v*g = -3*g + 2*z + 14. What is the hundreds digit of i(g)?
2
Let h = 5 + -5. Suppose -8 = -2*u - h*u. Suppose -2*c - 3*c + 60 = -5*p, -3*c = -u*p - 31. What is the units digit of c?
7
Suppose 5*x + 0*x = 5*z + 25, 0 = x + 5*z - 11. Suppose 0*w = -x*w + 858. Suppose -5*q + 615 = -5*l, w = 2*q - 3*l - 108. What is the units digit of q?
8
Let h(g) = -g**3 + 59*g**2 + 228*g + 416. What is the ten thousands digit of h(40)?
3
Let f(d) be the first derivative of -d**4/4 - d**3 + d**2/2 + 8*d + 13. Let h be f(-2). Suppose -h*o + 2*u = -88, -u - 4 + 0 = 0. What is the tens digit of o?
4
Let o(i) = -139*i - 263. Let b(k) = -209*k - 394. Let t(j) = 5*b(j) - 7*o(j). What is the units digit of t(-14)?
9
Let g(u) = -u**2 - 4*u - 1. Let l be g(-2). Suppose 2*t - 7*t - 136 = l*h, -t = -h + 32. Let a = t + 55. What is the tens digit of a?
2
Suppose -159 = 3*k + 33. Let h = k + 66. Suppose 4*f + h*p - 136 = -0*f, f = p + 37. What is the units digit of f?
5
Let z = 167 - -317. Let k = z + -359. What is the units digit of k?
5
Let z(s) = 22*s + 90. Let w be z(-4). Suppose 3*f - 6*c - 960 = -4*c, w*f = -2*c + 630. What is the hundreds digit of f?
3